-8 - -6) + -5
-6
Calculate (-12 - -5) + 4 + 2.
-1
-3 + -4 + 6 + 4 + -8
-5
-5 - (8 + -5 - 4)
-4
What is the value of 2 + 2 + (3 - 3)?
4
Evaluate -5 - (0 - (-2 - (-1 - -2))).
-8
What is (0 - 1) + 0 + (1 - -2)?
2
Calculate (-2 - -4) + 0 + -7.
-5
Evaluate 4 + -3 - (0 - 3).
4
Evaluate 1 - (-4 - (6 - 7 - 3)).
1
Evaluate -5 + 2 - (5 - (4 - 0)).
-4
Evaluate 24 + -15 + -12 - (-8 + -1).
6
Calculate (-3 - -9) + (-8 - 2).
-4
7 + (-8 - -11) + -15
-5
Evaluate -2 + -2 + 10 - (2 - -2).
2
Evaluate -35 + 39 + 2 + (-1 - 0).
5
10 + -7 + (0 - 9)
-6
What is -13 + 5 + 14 + -4?
2
What is 4 - (-2 + -2 + (15 - 6))?
-1
-24 + 29 - (2 + -1)
4
Evaluate -8 + (3 - -5) + -1 + 5.
4
Evaluate 5 + -1 - (0 - -2).
2
Calculate (2 + -3 - (-11 - -6)) + 0.
4
Calculate 3 - (1 - (-4 - -2) - 5).
5
Evaluate 0 + 4 - (-54 + 53).
5
Calculate (-2 - -2 - 1) + -49 + 44.
-6
What is 6 + -2 + 6 - 14?
-4
Calculate -7 + 1 - (-4 + -1).
-1
Calculate -2 + -5 + (1 - (1 + -3)).
-4
What is the value of (7 + -2 + 2 - 3) + -2?
2
What is the value of (-73 - -60) + (1 - -19)?
7
Calculate (17 - 5) + -8 + 2 + -7.
-1
Calculate 8 + -7 + -5 - 1.
-5
Evaluate 4 - (1 - (1 - 6)).
-2
Calculate (2 - -7) + -16 + 9.
2
What is the value of -3 - (4 + -7 + -1) - 0?
1
-1 + -2 + 2 + (-7 - -7)
-1
Evaluate (4 - 0) + -1 - (-13 - -10).
6
What is the value of -5 - ((-1 - -4) + -7)?
-1
Evaluate 1 - 0 - (13 - (7 + 4)).
-1
Calculate -3 - (3 + -10 + 0).
4
Evaluate 6 + -2 - (-2 - (2 - 2)).
6
-1 + (6 - (8 + 5))
-8
Calculate -13 - -5 - -7 - -4.
3
What is (-4 - (5 + -3 - 2)) + 8?
4
Calculate 10 + -3 + 0 + -11.
-4
Evaluate 14 - 6 - (3 - 1).
6
Calculate 5 - (-12 - -6 - -9).
2
(-20 - -8) + 5 + 11
4
What is the value of 2 - 2 - (5 + -7) - 1?
1
What is the value of -3 + (6 - 1) - 5?
-3
What is 4 - (-1 + 4 + 0 - 0)?
1
-6 - (1 + -4) - (-1 - 3)
1
What is the value of -11 + (-7 - -6 - 6 - -14)?
-4
What is 8 + 0 + -1 + -4 - 0?
3
-4 + (-2 - (1 - 7 - 3))
3
Calculate -5 - -1 - (-27 + 24).
-1
What is 9 + -1 - (3 + -2 + 3)?
4
What is 1 + 13 + -7 + -1?
6
What is 13 + -1 - (27 + -21)?
6
Calculate 2 + (-6 - -2 - (1 - 3)).
0
What is the value of 4 + -5 + 1 + (-2 - -1)?
-1
What is -3 + 4 - (-4 - -1)?
4
(-6 - -4) + -11 - -3
-10
9 - 6 - -5 - 16
-8
What is -6 - -3 - (-5 + 1)?
1
-4 - 0 - -4 - (0 - 3)
3
What is the value of (1 + -13 - (10 - 16)) + 0?
-6
Calculate 1 + -8 + 2 + 12.
7
Calculate -7 + 11 + -1 + 4.
7
What is the value of (2 - 1) + (0 - -2) + -2?
1
What is -9 - -5 - ((2 - 0) + 1)?
-7
-4 + 4 + 1 + 4
5
What is -15 - -20 - (-4 - -3 - 1)?
7
Calculate 0 - (2 - (-3 - -10)).
5
Evaluate 6 + (5 - 6) - (3 - 1).
3
What is (-3 - -3 - -9) + -7?
2
What is the value of 3 - (8 + -3 + 1)?
-3
What is -7 + 1 + 6 + 0?
0
Evaluate -4 - (4 + -1 - 9).
2
3 + 5 + (-10 - -5)
3
What is (0 - (-2 - -2) - -2) + 3?
5
What is the value of -2 - 2 - (10 + -16)?
2
Evaluate -5 - 2 - (5 + -11).
-1
What is -12 + 20 + (3 - 0) + -4?
7
What is 5 - (0 + 4) - (-2 + -1)?
4
What is the value of 0 - (4 - (5 + -5))?
-4
What is (-17 - -17) + -1 + -4 + 4?
-1
Evaluate 0 - (11 - 16) - (1 + -1).
5
3 + 3 + -5 + 1
2
Evaluate 4 - 1 - (0 - (1 - -1)).
5
Calculate -2 + 1 + 15 + -16.
-2
What is the value of -3 + 0 - (-5 + 4 + 2)?
-4
What is 0 + -8 + 2 + 3?
-3
What is the value of -3 + 3 - 0 - 2?
-2
-1 - -2 - (-1 - (1 - -2))
5
What is the value of -3 + (10 - (0 + 4))?
3
What is (2 + 0 - -1) + (2 - 4)?
1
What is -2 + (-6 + 4 - -7)?
3
What is 7 + -19 + 11 - (0 - 6)?
5
What is (6 - 2) + -14 + 7?
-3
What is the value of 7 + (8 - 2 - 13) + -1?
-1
Evaluate 14 - 15 - (-4 + 2).
1
Calculate 7 + 2 + -6 - (0 + 2).
1
What is (-6 - -1) + 1 + 2 + -1?
-3
Calculate (0 - (-6 + 7 - 2)) + -8.
-7
Calculate (13 - 7) + (-1 - 9).
-4
Evaluate -3 + 5 + (4 - 1).
5
-4 + ((-4 - -6) + -1 - 2)
-5
What is (-8 + 2 - -2) + 3 + 1?
0
(-5 - -1) + (33 - 29)
0
What is the value of 2 + 1 - (1 - 0)?
2
What is 9 + -14 + (0 - -1)?
-4
Calculate 8 - 7 - (1 - 2) - -2.
4
-2 + 0 + -1 + 5
2
What is the value of 17 + -23 + (-1 - -1) + 11?
5
-2 - -3 - (2 - -5)
-6
Evaluate (-1 - -1) + (0 - 8) + 3.
-5
Evaluate (0 - -7 - 4) + -2.
1
What is (-7 - -8) + -9 - -8?
0
7 + 4 - 11 - -2
2
3 - (-11 - -14) - 4
-4
What is -2 - -6 - (4 + 4 + -7)?
3
(1 - (2 - 3)) + 2
4
What is the value of 7 - (-28 + 26 - (0 + -4))?
5
Evaluate (-1 - (3 + 1)) + (-88 - -93).
0
-14 + (9 - (6 + -6))
-5
Calculate -4 + 1 + 1 - (-3 - -3).
-2
(123 - 115) + (-2 - -1)
7
-18 - -21 - (-3 + 1)
5
What is 8 - 8 - -2 - -4?
6
What is the value of 2 - (-1 + 1) - 5?
-3
(11 - 20) + 0 + 3 + 5
-1
What is the value of 3 + 0 + -7 + 24 + -16?
4
Calculate -1 + (3 - 0) + 0.
2
What is 1 + -6 - -2 - (-3 - 2)?
2
What is (-2 - (7 - -4)) + -3 - -6?
-10
What is 0 + -6 - (-6 - (-2 - -1))?
-1
What is the value of -6 - (4 + -7) - -5?
2
Evaluate -1 + (-4 - -4) - (6 + -4).
-3
Calculate (0 - (1 + 0)) + 3 + -3.
-1
What is the value of -11 + (-11 - (-6 - 8))?
-8
What is 2 - (5 - -2 - 5)?
0
Calculate -1 - (-21 + 6 - -7).
7
What is -6 + 4 + 2 + 1?
1
What is 1 - 0 - 5 - -4 - -1?
1
What is -1 + 4 + 2 + (-1 - 2)?
2
Evaluate 0 + 1 + -34 + 32.
-1
What is -4 + -11 + (-2 - -16)?
-1
What is (-15 - -3) + 3 - (-103 - -98)?
-4
Calculate 0 - ((-5 - -15) + -6).
-4
Evaluate 8 - (3 - 3) - 3.
5
Evaluate (-5 - (-13 + 6)) + -9.
-7
What is the value of (3 - 3) + -1 + -6 + 2?
-5
-3 + 0 + (-8 + 4 - -3)
-4
What is the value of 2 - (8 - 4) - -4 - -7?
9
(-2 + 0 + 1 - -4) + -1
2
Evaluate 2 - (9 + -2 + -5) - 5.
-5
Evaluate (-4 + 5 + -1 - 2) + 4.
2
What is the value of 8 + -8 - (-7 + 1) - -3?
9
Calculate -1 - -16 - (47 - 40).
8
Calculate -2 + (1 + -6 - -3) - -1.
-3
Calculate 3 + (-4 - (-12 + 16)).
-5
Evaluate 5 + -7 + -4 + 6.
0
What is 11 + -2 + 3 + -8?
4
Evaluate 1 - 1 - (-12 - (-2 + -13)).
-3
(0 + -3 - (12 + -17)) + -1
1
-2 - (-21 + (7 - -8))
4
Calculate 0 - (-5 + 2 + 1).
2
What is the value of (1 - 3 - 1) + (-6 - -4)?
-5
What is (2 + 3 - 9) + 3?
-1
Evaluate -5 + -1 + 0 + 2 + -2.
-6
What is -9 + -2 + 10 - 4?
-5
6 + -1 + -8 + 1
-2
Evaluate 10 - (6 - (6 - (-2 - -8))).
4
-3 - (-2 + (-1 - 3)) - -2
5
Calculate 0 + 9 - (4 - -1).
4
What is -4 - 4 - (-2 - 4)?
-2
Calculate 5 + -1 - 6 - (6 - 5).
-3
Calculate (1 - -1) + 0 + -1.
1
Evaluate -8 + -2 + (1 - -6).
-3
What is -2 - (0 - (8 + -6))?
0
Evaluate -11 + 14 - 12 - -1.
-8
What is the value of 5 - ((9 - 6) + 0)?
2
Calculate -3 - ((-18 - -7) + 4).
4
Evaluate -10 - (-3 - 0 - 4).
-3
4 - ((3 - 6 - -8) + 0)
-1
What is (7 - -1) + -12 + 1 + -2?
-5
-9 + (-12 - -17) + 13 + 0
9
-11 + (-20 - -10 - -18)
-3
Calculate -9 - (-5 - 0) - -9.
5
(2 - -3) + -2 + -1 + -7
-5
Evaluate -2 - (-1 - (-1 + 3 + -5)).
-4
Calculate 2 + (1 - 18) + 7.
-8
Evaluate -1 - (9 + -4 + -1).
-5
6 + (-1 - (-3 + 5)) + 4
7
Evaluate (-5 + (1 - 1) - 0) + 8.
3
-7 + 0 + 5 + 3 + 4
5
(8 - (20 - 7)) + 1 + 1
-3
What is the value of (-3 - 0) + -3 - -19 - 4?
9
What is the value of -9 + (8 - -1) - 3?
-3
What is -4 + 1 + 5 + -2?
0
Calculate -6 + 3 + (-17 - -11) + 9.
0
What is the value of 2 - -1 - -3 - 10 - 1?
-5
What is the value of -1 + (-7 - (-4 + 0))?
-4
(134 - 138) + (1 - (-1 + -3))
1
Evaluate (-20 - -17) + -1 + 7.
3
0 + -4 + 5 - 1 - -5
5
What is -1 - (9 + -14 - (0 - 5))?
-1
What is the value of (-2 + 5 - 6) + (12 - 13)?
-4
Evaluate (5 - (6 - -2) - 2) + 2.
-3
-2 + -2 + -4 + 10
2
Evaluate 7 + (-2 - 0) + 24 + -26.
3
What is the value of 0 - (1 - 0 - 2 - -1)?
0
What is the value of (-8 - -10) + 4 + -3?
3
Evaluate -4 + (2 - (-1 - (3 - 5))).
-3
What is the value of (-3 - -5 - 8) + 3 + 0?
-3
Evaluate 23 + -17 + 9 - 10.
5
What is the value of (-5 - 0 - -4) + -9 + 12?
2
Evaluate (-8 - (6 + -10)) + 1.
-3
Calculate -2 - (-1 - -7 - 4 - 6).
2
What is 1 + (0 + -3 - 0)?
-2
What is the value of -3 + -2 + 5 + 0 - -2?
2
Evaluate 3 + 0 - (-3 - (0 + -12)).
-6
What is 4 - (-2 + (1 - -8))?
-3
What is the value of 6 + (-2 - 0) + (-43 - -40)?
1
What is the value of 11 + -4 + 0 - (-11 - -13)?
5
Evaluate 13 + (0 - 3) - 3.
7
Evaluate (1 - 9) + 54 + -52.
-6
Evaluate -2 - ((1 - 1) + 5 - 6).
-1
Calculate 7 + (-12 - -2) + (2 - -6).
5
Evaluate 16 + (-19 - (-10 - -1)).
6
What is -5 + 0 - (3 - (4 + -1))?
-5
Evaluate -1 + (0 - (4 - 4)).
-1
What is the value of 15 + -3 - 7 - (1 + 8)?
-4
What is -4 - -1 - (7 + -15 + 6)?
-1
Evaluate -1 - -2 - (-3 - -9).
-5
What is 2 + 3 + (-1 - 0) + -2?
2
Calculate 2 + (0 - -6 - 10) + 3.
1
Calculate (12 - 7) + (0 - 5).
0
0 + (-15 - -4) - -11
0
What is (23 - 28) + (0 - -5)?
0